{"id":111049,"date":"2023-12-20T11:42:43","date_gmt":"2023-12-20T10:42:43","guid":{"rendered":"https:\/\/boutique.desangosse.mywebstrategies.com\/?post_type=product&#038;p=111049"},"modified":"2026-03-31T14:00:56","modified_gmt":"2026-03-31T12:00:56","slug":"advion-gel-fourmis","status":"publish","type":"product","link":"https:\/\/www.liphatech.fr\/boutique\/produit\/advion-gel-fourmis\/","title":{"rendered":"ADVION\u00ae GEL Fourmis"},"content":{"rendered":"<p><u>BLISTER DE 4 CARTOUCHES &#8211; 30g :<\/u><\/p>\n<ul>\n<li>Dimensions carton : 24 x 15,5 x 19 cm \u2013 Poids Brut CDT\u00a0: 1,29 kg<\/li>\n<li>Palette de\u00a0: 110 cartons \u2013 Dimensions Pal\u00a0: 120 x 100 x 205 \u2013 Poids Pal Brut : 161,9 kg<\/li>\n<\/ul>\n","protected":false},"excerpt":{"rendered":"<p>Pour un contr\u00f4le durable et efficace des principales esp\u00e8ces de fourmis. R\u00e9sultats remarquables \u00e0 faible dose gr\u00e2ce aux mortalit\u00e9s secondaires et tertiaires (effet cascade). App\u00e9tence maximale adapt\u00e9e aux diff\u00e9rents r\u00e9gimes alimentaires saisonniers des fourmis. Gel stable m\u00eame en temp\u00e9ratures variables. Tr\u00e8s bonne adh\u00e9rence sur tout support.<\/p>\n<div id=\"picto-produit\">\n<p><img decoding=\"async\" class=\"logo-traite\" src=\"https:\/\/www.liphatech.fr\/boutique\/\/\/wp-content\/uploads\/2024\/08\/logo-je-traite.png\" alt=\"\" \/><\/p>\n<\/div>\n<div id=\"mentions-obligatoires\">Nom homologu\u00e9 : ADVION\u00ae GEL Fourmis AMM N\u00b0FR-2014-0127<br \/>\nComposition : indoxacarbe 0,05%<br \/>\nConditionnement pratique : applicable au pistolet ou gr\u00e2ce au piston et canules fournis.<\/div>\n","protected":false},"featured_media":111090,"comment_status":"open","ping_status":"closed","template":"","meta":{"_acf_changed":false,"_et_pb_use_builder":"","_et_pb_old_content":"","_et_gb_content_width":""},"product_brand":[],"product_cat":[115,139,129,165],"product_tag":[],"class_list":{"0":"post-111049","1":"product","2":"type-product","3":"status-publish","4":"has-post-thumbnail","6":"product_cat-advion","7":"product_cat-fourmis","8":"product_cat-indoxacarbe","9":"product_cat-je-traite-curatif","11":"first","12":"instock","13":"taxable","14":"shipping-taxable","15":"purchasable","16":"product-type-simple"},"acf":[],"yoast_head":"<!-- This site is optimized with the Yoast SEO plugin v26.5 - https:\/\/yoast.com\/wordpress\/plugins\/seo\/ -->\n<title>ADVION\u00ae GEL Fourmis - La Boutique LIPHATECH<\/title>\n<meta name=\"robots\" content=\"index, follow, max-snippet:-1, max-image-preview:large, max-video-preview:-1\" \/>\n<link rel=\"canonical\" href=\"https:\/\/www.liphatech.fr\/boutique\/produit\/advion-gel-fourmis\/\" \/>\n<meta property=\"og:locale\" content=\"fr_FR\" \/>\n<meta property=\"og:type\" content=\"article\" \/>\n<meta property=\"og:title\" content=\"ADVION\u00ae GEL Fourmis - La Boutique LIPHATECH\" \/>\n<meta property=\"og:description\" content=\"Pour un contr\u00f4le durable et efficace des principales esp\u00e8ces de fourmis. R\u00e9sultats remarquables \u00e0 faible dose gr\u00e2ce aux mortalit\u00e9s secondaires et tertiaires (effet cascade). App\u00e9tence maximale adapt\u00e9e aux diff\u00e9rents r\u00e9gimes alimentaires saisonniers des fourmis. Gel stable m\u00eame en temp\u00e9ratures variables. Tr\u00e8s bonne adh\u00e9rence sur tout support.      Nom homologu\u00e9 : ADVION\u00ae GEL Fourmis AMM N\u00b0FR-2014-0127 Composition : indoxacarbe 0,05% Conditionnement pratique : applicable au pistolet ou gr\u00e2ce au piston et canules fournis.\" \/>\n<meta property=\"og:url\" content=\"https:\/\/www.liphatech.fr\/boutique\/produit\/advion-gel-fourmis\/\" \/>\n<meta property=\"og:site_name\" content=\"La Boutique LIPHATECH\" \/>\n<meta property=\"article:modified_time\" content=\"2026-03-31T12:00:56+00:00\" \/>\n<meta property=\"og:image\" content=\"https:\/\/www.liphatech.fr\/boutique\/wp-content\/uploads\/2023\/12\/80000473-ADVION-GEL-FOURMIS-FACE.webp\" \/>\n\t<meta property=\"og:image:width\" content=\"500\" \/>\n\t<meta property=\"og:image:height\" content=\"500\" \/>\n\t<meta property=\"og:image:type\" content=\"image\/webp\" \/>\n<meta name=\"twitter:card\" content=\"summary_large_image\" \/>\n<meta name=\"twitter:label1\" content=\"Dur\u00e9e de lecture estim\u00e9e\" \/>\n\t<meta name=\"twitter:data1\" content=\"1 minute\" \/>\n<script type=\"application\/ld+json\" class=\"yoast-schema-graph\">{\"@context\":\"https:\/\/schema.org\",\"@graph\":[{\"@type\":\"WebPage\",\"@id\":\"https:\/\/www.liphatech.fr\/boutique\/produit\/advion-gel-fourmis\/\",\"url\":\"https:\/\/www.liphatech.fr\/boutique\/produit\/advion-gel-fourmis\/\",\"name\":\"ADVION\u00ae GEL Fourmis - La Boutique LIPHATECH\",\"isPartOf\":{\"@id\":\"https:\/\/www.liphatech.fr\/boutique\/#website\"},\"primaryImageOfPage\":{\"@id\":\"https:\/\/www.liphatech.fr\/boutique\/produit\/advion-gel-fourmis\/#primaryimage\"},\"image\":{\"@id\":\"https:\/\/www.liphatech.fr\/boutique\/produit\/advion-gel-fourmis\/#primaryimage\"},\"thumbnailUrl\":\"https:\/\/www.liphatech.fr\/boutique\/wp-content\/uploads\/2023\/12\/80000473-ADVION-GEL-FOURMIS-FACE.webp\",\"datePublished\":\"2023-12-20T10:42:43+00:00\",\"dateModified\":\"2026-03-31T12:00:56+00:00\",\"breadcrumb\":{\"@id\":\"https:\/\/www.liphatech.fr\/boutique\/produit\/advion-gel-fourmis\/#breadcrumb\"},\"inLanguage\":\"fr-FR\",\"potentialAction\":[{\"@type\":\"ReadAction\",\"target\":[\"https:\/\/www.liphatech.fr\/boutique\/produit\/advion-gel-fourmis\/\"]}]},{\"@type\":\"ImageObject\",\"inLanguage\":\"fr-FR\",\"@id\":\"https:\/\/www.liphatech.fr\/boutique\/produit\/advion-gel-fourmis\/#primaryimage\",\"url\":\"https:\/\/www.liphatech.fr\/boutique\/wp-content\/uploads\/2023\/12\/80000473-ADVION-GEL-FOURMIS-FACE.webp\",\"contentUrl\":\"https:\/\/www.liphatech.fr\/boutique\/wp-content\/uploads\/2023\/12\/80000473-ADVION-GEL-FOURMIS-FACE.webp\",\"width\":500,\"height\":500},{\"@type\":\"BreadcrumbList\",\"@id\":\"https:\/\/www.liphatech.fr\/boutique\/produit\/advion-gel-fourmis\/#breadcrumb\",\"itemListElement\":[{\"@type\":\"ListItem\",\"position\":1,\"name\":\"Accueil\",\"item\":\"https:\/\/www.liphatech.fr\/boutique\/\"},{\"@type\":\"ListItem\",\"position\":2,\"name\":\"Boutique\",\"item\":\"https:\/\/www.liphatech.fr\/boutique\/boutique\/\"},{\"@type\":\"ListItem\",\"position\":3,\"name\":\"ADVION\u00ae GEL Fourmis\"}]},{\"@type\":\"WebSite\",\"@id\":\"https:\/\/www.liphatech.fr\/boutique\/#website\",\"url\":\"https:\/\/www.liphatech.fr\/boutique\/\",\"name\":\"La Boutique LIPHATECH\",\"description\":\"\",\"potentialAction\":[{\"@type\":\"SearchAction\",\"target\":{\"@type\":\"EntryPoint\",\"urlTemplate\":\"https:\/\/www.liphatech.fr\/boutique\/?s={search_term_string}\"},\"query-input\":{\"@type\":\"PropertyValueSpecification\",\"valueRequired\":true,\"valueName\":\"search_term_string\"}}],\"inLanguage\":\"fr-FR\"}]}<\/script>\n<!-- \/ Yoast SEO plugin. -->","yoast_head_json":{"title":"ADVION\u00ae GEL Fourmis - La Boutique LIPHATECH","robots":{"index":"index","follow":"follow","max-snippet":"max-snippet:-1","max-image-preview":"max-image-preview:large","max-video-preview":"max-video-preview:-1"},"canonical":"https:\/\/www.liphatech.fr\/boutique\/produit\/advion-gel-fourmis\/","og_locale":"fr_FR","og_type":"article","og_title":"ADVION\u00ae GEL Fourmis - La Boutique LIPHATECH","og_description":"Pour un contr\u00f4le durable et efficace des principales esp\u00e8ces de fourmis. R\u00e9sultats remarquables \u00e0 faible dose gr\u00e2ce aux mortalit\u00e9s secondaires et tertiaires (effet cascade). App\u00e9tence maximale adapt\u00e9e aux diff\u00e9rents r\u00e9gimes alimentaires saisonniers des fourmis. Gel stable m\u00eame en temp\u00e9ratures variables. Tr\u00e8s bonne adh\u00e9rence sur tout support.      Nom homologu\u00e9 : ADVION\u00ae GEL Fourmis AMM N\u00b0FR-2014-0127 Composition : indoxacarbe 0,05% Conditionnement pratique : applicable au pistolet ou gr\u00e2ce au piston et canules fournis.","og_url":"https:\/\/www.liphatech.fr\/boutique\/produit\/advion-gel-fourmis\/","og_site_name":"La Boutique LIPHATECH","article_modified_time":"2026-03-31T12:00:56+00:00","og_image":[{"width":500,"height":500,"url":"https:\/\/www.liphatech.fr\/boutique\/wp-content\/uploads\/2023\/12\/80000473-ADVION-GEL-FOURMIS-FACE.webp","type":"image\/webp"}],"twitter_card":"summary_large_image","twitter_misc":{"Dur\u00e9e de lecture estim\u00e9e":"1 minute"},"schema":{"@context":"https:\/\/schema.org","@graph":[{"@type":"WebPage","@id":"https:\/\/www.liphatech.fr\/boutique\/produit\/advion-gel-fourmis\/","url":"https:\/\/www.liphatech.fr\/boutique\/produit\/advion-gel-fourmis\/","name":"ADVION\u00ae GEL Fourmis - La Boutique LIPHATECH","isPartOf":{"@id":"https:\/\/www.liphatech.fr\/boutique\/#website"},"primaryImageOfPage":{"@id":"https:\/\/www.liphatech.fr\/boutique\/produit\/advion-gel-fourmis\/#primaryimage"},"image":{"@id":"https:\/\/www.liphatech.fr\/boutique\/produit\/advion-gel-fourmis\/#primaryimage"},"thumbnailUrl":"https:\/\/www.liphatech.fr\/boutique\/wp-content\/uploads\/2023\/12\/80000473-ADVION-GEL-FOURMIS-FACE.webp","datePublished":"2023-12-20T10:42:43+00:00","dateModified":"2026-03-31T12:00:56+00:00","breadcrumb":{"@id":"https:\/\/www.liphatech.fr\/boutique\/produit\/advion-gel-fourmis\/#breadcrumb"},"inLanguage":"fr-FR","potentialAction":[{"@type":"ReadAction","target":["https:\/\/www.liphatech.fr\/boutique\/produit\/advion-gel-fourmis\/"]}]},{"@type":"ImageObject","inLanguage":"fr-FR","@id":"https:\/\/www.liphatech.fr\/boutique\/produit\/advion-gel-fourmis\/#primaryimage","url":"https:\/\/www.liphatech.fr\/boutique\/wp-content\/uploads\/2023\/12\/80000473-ADVION-GEL-FOURMIS-FACE.webp","contentUrl":"https:\/\/www.liphatech.fr\/boutique\/wp-content\/uploads\/2023\/12\/80000473-ADVION-GEL-FOURMIS-FACE.webp","width":500,"height":500},{"@type":"BreadcrumbList","@id":"https:\/\/www.liphatech.fr\/boutique\/produit\/advion-gel-fourmis\/#breadcrumb","itemListElement":[{"@type":"ListItem","position":1,"name":"Accueil","item":"https:\/\/www.liphatech.fr\/boutique\/"},{"@type":"ListItem","position":2,"name":"Boutique","item":"https:\/\/www.liphatech.fr\/boutique\/boutique\/"},{"@type":"ListItem","position":3,"name":"ADVION\u00ae GEL Fourmis"}]},{"@type":"WebSite","@id":"https:\/\/www.liphatech.fr\/boutique\/#website","url":"https:\/\/www.liphatech.fr\/boutique\/","name":"La Boutique LIPHATECH","description":"","potentialAction":[{"@type":"SearchAction","target":{"@type":"EntryPoint","urlTemplate":"https:\/\/www.liphatech.fr\/boutique\/?s={search_term_string}"},"query-input":{"@type":"PropertyValueSpecification","valueRequired":true,"valueName":"search_term_string"}}],"inLanguage":"fr-FR"}]}},"_links":{"self":[{"href":"https:\/\/www.liphatech.fr\/boutique\/wp-json\/wp\/v2\/product\/111049","targetHints":{"allow":["GET"]}}],"collection":[{"href":"https:\/\/www.liphatech.fr\/boutique\/wp-json\/wp\/v2\/product"}],"about":[{"href":"https:\/\/www.liphatech.fr\/boutique\/wp-json\/wp\/v2\/types\/product"}],"replies":[{"embeddable":true,"href":"https:\/\/www.liphatech.fr\/boutique\/wp-json\/wp\/v2\/comments?post=111049"}],"wp:featuredmedia":[{"embeddable":true,"href":"https:\/\/www.liphatech.fr\/boutique\/wp-json\/wp\/v2\/media\/111090"}],"wp:attachment":[{"href":"https:\/\/www.liphatech.fr\/boutique\/wp-json\/wp\/v2\/media?parent=111049"}],"wp:term":[{"taxonomy":"product_brand","embeddable":true,"href":"https:\/\/www.liphatech.fr\/boutique\/wp-json\/wp\/v2\/product_brand?post=111049"},{"taxonomy":"product_cat","embeddable":true,"href":"https:\/\/www.liphatech.fr\/boutique\/wp-json\/wp\/v2\/product_cat?post=111049"},{"taxonomy":"product_tag","embeddable":true,"href":"https:\/\/www.liphatech.fr\/boutique\/wp-json\/wp\/v2\/product_tag?post=111049"}],"curies":[{"name":"wp","href":"https:\/\/api.w.org\/{rel}","templated":true}]}}