{"id":111212,"date":"2024-03-12T14:46:08","date_gmt":"2024-03-12T13:46:08","guid":{"rendered":"https:\/\/boutique.desangosse.mywebstrategies.com\/?post_type=product&#038;p=111212"},"modified":"2026-03-31T14:16:25","modified_gmt":"2026-03-31T12:16:25","slug":"coversol","status":"publish","type":"product","link":"https:\/\/www.liphatech.fr\/boutique\/produit\/coversol\/","title":{"rendered":"COVERSOL\u00ae"},"content":{"rendered":"<p><u>1 ENSEMBLE PISTOLET + ACCESSOIRES :<\/u><\/p>\n<ul>\n<li>Dimensions Carton : 54 x 23 x 42 cm \u2013 Poids Brut CDT\u00a0: 10 kg<\/li>\n<li>Palette de\u00a0: NC \u2013 Dimensions Pal\u00a0: 120 x 80 x 118 \u2013 Poids Pal Brut : NC<\/li>\n<\/ul>\n<p><u>1 CHARGEUR de 240V :<\/u><\/p>\n<ul>\n<li>Dimensions Carton : 23 x 16 x 10 cm \u2013 Poids Brut CDT\u00a0: 0,065 kg<\/li>\n<li>Palette de\u00a0: NC \u2013 Dimensions Pal\u00a0: 120 x 80 x 118 \u2013 Poids Pal Brut : NC<\/li>\n<\/ul>\n<p><u> 1 BATTERIE Lithium 18V :<\/u><\/p>\n<ul>\n<li>Dimensions Carton : 11 x 7,9 x 4 cm \u2013 Poids Brut CDT\u00a0: 0,35 kg<\/li>\n<li>Palette de\u00a0: NC \u2013 Dimensions Pal\u00a0: 120 x 80 x 118 \u2013 Poids Pal Brut : NC<\/li>\n<\/ul>\n<p><u> CARTON DE 6 CARTOUCHES + ACCESSOIRES :<\/u><\/p>\n<ul>\n<li>Dimensions Carton : 33 x 25 x 30 cm \u2013 Poids Brut CDT\u00a0: 2,5 kg<\/li>\n<li>Palette de\u00a0: 20 CARTONS \u2013 Dimensions Pal\u00a0: 120 x 80 x 100 \u2013 Poids Pal Brut : 315 kg<\/li>\n<\/ul>\n","protected":false},"excerpt":{"rendered":"<p>R\u00e9sine bi-composant du type silicate \u00e0 injecter dans les fourreaux, tr\u00e9mies et caniveaux. Coversol s&rsquo;expanse et emp\u00eache l&rsquo;intrusion de rongeurs dans les installations \u00e9lectriques, pour cr\u00e9er un v\u00e9ritable barrage.<\/p>\n<p>CE QUI FAIT LA DIFF\u00c9RENCE :<\/p>\n<ul>\n<li>Cr\u00e9e une barri\u00e8re physique qui emp\u00eache l\u2019intrusion des rongeurs<\/li>\n<li>Pour les gaines, tr\u00e9mies et caniveaux : comble tous les interstices entre les c\u00e2bles<\/li>\n<\/ul>\n<div id=\"picto-produit\"><img decoding=\"async\" src=\"https:\/\/www.liphatech.fr\/boutique\/\/\/wp-content\/uploads\/2024\/08\/logo-je-traite.png\" alt=\"\" \/><br \/>\n<img decoding=\"async\" src=\"https:\/\/www.liphatech.fr\/boutique\/\/\/wp-content\/uploads\/2024\/08\/icone-rats-souris.png\" alt=\"\" \/><\/div>\n","protected":false},"featured_media":111222,"comment_status":"open","ping_status":"closed","template":"","meta":{"_acf_changed":false,"_et_pb_use_builder":"","_et_pb_old_content":"","_et_gb_content_width":""},"product_brand":[],"product_cat":[132,117,164,142],"product_tag":[],"class_list":{"0":"post-111212","1":"product","2":"type-product","3":"status-publish","4":"has-post-thumbnail","6":"product_cat-anti-intrusion","7":"product_cat-bernatom","8":"product_cat-je-traite-preventif","9":"product_cat-rats-souris","11":"first","12":"instock","13":"taxable","14":"shipping-taxable","15":"purchasable","16":"product-type-variable"},"acf":[],"yoast_head":"<!-- This site is optimized with the Yoast SEO plugin v26.5 - https:\/\/yoast.com\/wordpress\/plugins\/seo\/ -->\n<title>COVERSOL\u00ae - La Boutique LIPHATECH<\/title>\n<meta name=\"robots\" content=\"index, follow, max-snippet:-1, max-image-preview:large, max-video-preview:-1\" \/>\n<link rel=\"canonical\" href=\"https:\/\/www.liphatech.fr\/boutique\/produit\/coversol\/\" \/>\n<meta property=\"og:locale\" content=\"fr_FR\" \/>\n<meta property=\"og:type\" content=\"article\" \/>\n<meta property=\"og:title\" content=\"COVERSOL\u00ae - La Boutique LIPHATECH\" \/>\n<meta property=\"og:description\" content=\"R\u00e9sine bi-composant du type silicate \u00e0 injecter dans les fourreaux, tr\u00e9mies et caniveaux. Coversol s&#039;expanse et emp\u00eache l&#039;intrusion de rongeurs dans les installations \u00e9lectriques, pour cr\u00e9er un v\u00e9ritable barrage.  CE QUI FAIT LA DIFF\u00c9RENCE :   Cr\u00e9e une barri\u00e8re physique qui emp\u00eache l\u2019intrusion des rongeurs  Pour les gaines, tr\u00e9mies et caniveaux : comble tous les interstices entre les c\u00e2bles\" \/>\n<meta property=\"og:url\" content=\"https:\/\/www.liphatech.fr\/boutique\/produit\/coversol\/\" \/>\n<meta property=\"og:site_name\" content=\"La Boutique LIPHATECH\" \/>\n<meta property=\"article:modified_time\" content=\"2026-03-31T12:16:25+00:00\" \/>\n<meta property=\"og:image\" content=\"https:\/\/www.liphatech.fr\/boutique\/wp-content\/uploads\/2024\/03\/80017864-BERNATOM-COVERSOL-bi-composant-CARTON-6x1500ml-accessoires-FACE.webp\" \/>\n\t<meta property=\"og:image:width\" content=\"500\" \/>\n\t<meta property=\"og:image:height\" content=\"500\" \/>\n\t<meta property=\"og:image:type\" content=\"image\/webp\" \/>\n<meta name=\"twitter:card\" content=\"summary_large_image\" \/>\n<meta name=\"twitter:label1\" content=\"Dur\u00e9e de lecture estim\u00e9e\" \/>\n\t<meta name=\"twitter:data1\" content=\"1 minute\" \/>\n<script type=\"application\/ld+json\" class=\"yoast-schema-graph\">{\"@context\":\"https:\/\/schema.org\",\"@graph\":[{\"@type\":\"WebPage\",\"@id\":\"https:\/\/www.liphatech.fr\/boutique\/produit\/coversol\/\",\"url\":\"https:\/\/www.liphatech.fr\/boutique\/produit\/coversol\/\",\"name\":\"COVERSOL\u00ae - La Boutique LIPHATECH\",\"isPartOf\":{\"@id\":\"https:\/\/www.liphatech.fr\/boutique\/#website\"},\"primaryImageOfPage\":{\"@id\":\"https:\/\/www.liphatech.fr\/boutique\/produit\/coversol\/#primaryimage\"},\"image\":{\"@id\":\"https:\/\/www.liphatech.fr\/boutique\/produit\/coversol\/#primaryimage\"},\"thumbnailUrl\":\"https:\/\/www.liphatech.fr\/boutique\/wp-content\/uploads\/2024\/03\/80017864-BERNATOM-COVERSOL-bi-composant-CARTON-6x1500ml-accessoires-FACE.webp\",\"datePublished\":\"2024-03-12T13:46:08+00:00\",\"dateModified\":\"2026-03-31T12:16:25+00:00\",\"breadcrumb\":{\"@id\":\"https:\/\/www.liphatech.fr\/boutique\/produit\/coversol\/#breadcrumb\"},\"inLanguage\":\"fr-FR\",\"potentialAction\":[{\"@type\":\"ReadAction\",\"target\":[\"https:\/\/www.liphatech.fr\/boutique\/produit\/coversol\/\"]}]},{\"@type\":\"ImageObject\",\"inLanguage\":\"fr-FR\",\"@id\":\"https:\/\/www.liphatech.fr\/boutique\/produit\/coversol\/#primaryimage\",\"url\":\"https:\/\/www.liphatech.fr\/boutique\/wp-content\/uploads\/2024\/03\/80017864-BERNATOM-COVERSOL-bi-composant-CARTON-6x1500ml-accessoires-FACE.webp\",\"contentUrl\":\"https:\/\/www.liphatech.fr\/boutique\/wp-content\/uploads\/2024\/03\/80017864-BERNATOM-COVERSOL-bi-composant-CARTON-6x1500ml-accessoires-FACE.webp\",\"width\":500,\"height\":500},{\"@type\":\"BreadcrumbList\",\"@id\":\"https:\/\/www.liphatech.fr\/boutique\/produit\/coversol\/#breadcrumb\",\"itemListElement\":[{\"@type\":\"ListItem\",\"position\":1,\"name\":\"Accueil\",\"item\":\"https:\/\/www.liphatech.fr\/boutique\/\"},{\"@type\":\"ListItem\",\"position\":2,\"name\":\"Boutique\",\"item\":\"https:\/\/www.liphatech.fr\/boutique\/boutique\/\"},{\"@type\":\"ListItem\",\"position\":3,\"name\":\"COVERSOL\u00ae\"}]},{\"@type\":\"WebSite\",\"@id\":\"https:\/\/www.liphatech.fr\/boutique\/#website\",\"url\":\"https:\/\/www.liphatech.fr\/boutique\/\",\"name\":\"La Boutique LIPHATECH\",\"description\":\"\",\"potentialAction\":[{\"@type\":\"SearchAction\",\"target\":{\"@type\":\"EntryPoint\",\"urlTemplate\":\"https:\/\/www.liphatech.fr\/boutique\/?s={search_term_string}\"},\"query-input\":{\"@type\":\"PropertyValueSpecification\",\"valueRequired\":true,\"valueName\":\"search_term_string\"}}],\"inLanguage\":\"fr-FR\"}]}<\/script>\n<!-- \/ Yoast SEO plugin. -->","yoast_head_json":{"title":"COVERSOL\u00ae - La Boutique LIPHATECH","robots":{"index":"index","follow":"follow","max-snippet":"max-snippet:-1","max-image-preview":"max-image-preview:large","max-video-preview":"max-video-preview:-1"},"canonical":"https:\/\/www.liphatech.fr\/boutique\/produit\/coversol\/","og_locale":"fr_FR","og_type":"article","og_title":"COVERSOL\u00ae - La Boutique LIPHATECH","og_description":"R\u00e9sine bi-composant du type silicate \u00e0 injecter dans les fourreaux, tr\u00e9mies et caniveaux. Coversol s'expanse et emp\u00eache l'intrusion de rongeurs dans les installations \u00e9lectriques, pour cr\u00e9er un v\u00e9ritable barrage.  CE QUI FAIT LA DIFF\u00c9RENCE :   Cr\u00e9e une barri\u00e8re physique qui emp\u00eache l\u2019intrusion des rongeurs  Pour les gaines, tr\u00e9mies et caniveaux : comble tous les interstices entre les c\u00e2bles","og_url":"https:\/\/www.liphatech.fr\/boutique\/produit\/coversol\/","og_site_name":"La Boutique LIPHATECH","article_modified_time":"2026-03-31T12:16:25+00:00","og_image":[{"width":500,"height":500,"url":"https:\/\/www.liphatech.fr\/boutique\/wp-content\/uploads\/2024\/03\/80017864-BERNATOM-COVERSOL-bi-composant-CARTON-6x1500ml-accessoires-FACE.webp","type":"image\/webp"}],"twitter_card":"summary_large_image","twitter_misc":{"Dur\u00e9e de lecture estim\u00e9e":"1 minute"},"schema":{"@context":"https:\/\/schema.org","@graph":[{"@type":"WebPage","@id":"https:\/\/www.liphatech.fr\/boutique\/produit\/coversol\/","url":"https:\/\/www.liphatech.fr\/boutique\/produit\/coversol\/","name":"COVERSOL\u00ae - La Boutique LIPHATECH","isPartOf":{"@id":"https:\/\/www.liphatech.fr\/boutique\/#website"},"primaryImageOfPage":{"@id":"https:\/\/www.liphatech.fr\/boutique\/produit\/coversol\/#primaryimage"},"image":{"@id":"https:\/\/www.liphatech.fr\/boutique\/produit\/coversol\/#primaryimage"},"thumbnailUrl":"https:\/\/www.liphatech.fr\/boutique\/wp-content\/uploads\/2024\/03\/80017864-BERNATOM-COVERSOL-bi-composant-CARTON-6x1500ml-accessoires-FACE.webp","datePublished":"2024-03-12T13:46:08+00:00","dateModified":"2026-03-31T12:16:25+00:00","breadcrumb":{"@id":"https:\/\/www.liphatech.fr\/boutique\/produit\/coversol\/#breadcrumb"},"inLanguage":"fr-FR","potentialAction":[{"@type":"ReadAction","target":["https:\/\/www.liphatech.fr\/boutique\/produit\/coversol\/"]}]},{"@type":"ImageObject","inLanguage":"fr-FR","@id":"https:\/\/www.liphatech.fr\/boutique\/produit\/coversol\/#primaryimage","url":"https:\/\/www.liphatech.fr\/boutique\/wp-content\/uploads\/2024\/03\/80017864-BERNATOM-COVERSOL-bi-composant-CARTON-6x1500ml-accessoires-FACE.webp","contentUrl":"https:\/\/www.liphatech.fr\/boutique\/wp-content\/uploads\/2024\/03\/80017864-BERNATOM-COVERSOL-bi-composant-CARTON-6x1500ml-accessoires-FACE.webp","width":500,"height":500},{"@type":"BreadcrumbList","@id":"https:\/\/www.liphatech.fr\/boutique\/produit\/coversol\/#breadcrumb","itemListElement":[{"@type":"ListItem","position":1,"name":"Accueil","item":"https:\/\/www.liphatech.fr\/boutique\/"},{"@type":"ListItem","position":2,"name":"Boutique","item":"https:\/\/www.liphatech.fr\/boutique\/boutique\/"},{"@type":"ListItem","position":3,"name":"COVERSOL\u00ae"}]},{"@type":"WebSite","@id":"https:\/\/www.liphatech.fr\/boutique\/#website","url":"https:\/\/www.liphatech.fr\/boutique\/","name":"La Boutique LIPHATECH","description":"","potentialAction":[{"@type":"SearchAction","target":{"@type":"EntryPoint","urlTemplate":"https:\/\/www.liphatech.fr\/boutique\/?s={search_term_string}"},"query-input":{"@type":"PropertyValueSpecification","valueRequired":true,"valueName":"search_term_string"}}],"inLanguage":"fr-FR"}]}},"_links":{"self":[{"href":"https:\/\/www.liphatech.fr\/boutique\/wp-json\/wp\/v2\/product\/111212","targetHints":{"allow":["GET"]}}],"collection":[{"href":"https:\/\/www.liphatech.fr\/boutique\/wp-json\/wp\/v2\/product"}],"about":[{"href":"https:\/\/www.liphatech.fr\/boutique\/wp-json\/wp\/v2\/types\/product"}],"replies":[{"embeddable":true,"href":"https:\/\/www.liphatech.fr\/boutique\/wp-json\/wp\/v2\/comments?post=111212"}],"wp:featuredmedia":[{"embeddable":true,"href":"https:\/\/www.liphatech.fr\/boutique\/wp-json\/wp\/v2\/media\/111222"}],"wp:attachment":[{"href":"https:\/\/www.liphatech.fr\/boutique\/wp-json\/wp\/v2\/media?parent=111212"}],"wp:term":[{"taxonomy":"product_brand","embeddable":true,"href":"https:\/\/www.liphatech.fr\/boutique\/wp-json\/wp\/v2\/product_brand?post=111212"},{"taxonomy":"product_cat","embeddable":true,"href":"https:\/\/www.liphatech.fr\/boutique\/wp-json\/wp\/v2\/product_cat?post=111212"},{"taxonomy":"product_tag","embeddable":true,"href":"https:\/\/www.liphatech.fr\/boutique\/wp-json\/wp\/v2\/product_tag?post=111212"}],"curies":[{"name":"wp","href":"https:\/\/api.w.org\/{rel}","templated":true}]}}