{"id":115599,"date":"2026-04-17T16:51:31","date_gmt":"2026-04-17T14:51:31","guid":{"rendered":"https:\/\/www.liphatech.fr\/boutique\/?post_type=product&#038;p=115599"},"modified":"2026-05-04T11:20:45","modified_gmt":"2026-05-04T09:20:45","slug":"bernafoam","status":"publish","type":"product","link":"https:\/\/www.liphatech.fr\/boutique\/produit\/bernafoam\/","title":{"rendered":"BERNAFOAM \u00ae"},"content":{"rendered":"<p><u>CARTON DE 12 CARTOUCHES DE 400 ML :<\/u><\/p>\n<ul>\n<li>Dimensions Carton : <span data-olk-copy-source=\"MessageBody\">28 x 22 x 27 cm<\/span><\/li>\n<li>Palette de\u00a0<span data-olk-copy-source=\"MessageBody\">840 CARTOUCHES \u2013 <\/span>\u00a0Dimensions Pal : 120x80x204 \u2013 Poids Pal Brut :\u00a0 <span data-olk-copy-source=\"MessageBody\">541.50 <\/span>kg<\/li>\n<\/ul>\n","protected":false},"excerpt":{"rendered":"<p>Mousse expansive bi\u2011composant pr\u00eate \u00e0 l\u2019emploi, conditionn\u00e9e en a\u00e9rosol.<br \/>Con\u00e7ue pour le remplissage rapide des cavit\u00e9s, trous et passages dans la ma\u00e7onnerie, les murs, planchers et cloisons.<br \/>S\u2019applique facilement, sans outil sp\u00e9cifique et sans coulure, quelle que soit la configuration.<\/p>\n<p><strong>CE QUI FAIT LA DIFF\u00c9RENCE :<\/strong><\/p>\n<ul class=\"differences\">\n<li>Expansion et durcissement rapides (pr\u00eate \u00e0 \u00eatre recouverte de MASTISOL\u00ae en quelques minutes)<\/li>\n<li>Excellente adh\u00e9rence multi\u2011supports<\/li>\n<li>Ne s\u2019\u00e9coule pas et n\u2019alt\u00e8re pas les c\u00e2bles \u00e9lectriques<\/li>\n<\/ul>\n<div id=\"picto-produit\"><img decoding=\"async\" src=\"https:\/\/www.liphatech.fr\/boutique\/\/\/wp-content\/uploads\/2024\/08\/logo-je-traite.png\" alt=\"\" data-mce-src=\"https:\/\/www.liphatech.fr\/boutique\/\/\/wp-content\/uploads\/2024\/08\/logo-je-traite.png\"><br \/><img decoding=\"async\" src=\"https:\/\/www.liphatech.fr\/boutique\/\/\/wp-content\/uploads\/2024\/08\/icone-rats-souris.png\" alt=\"\" data-mce-src=\"https:\/\/www.liphatech.fr\/boutique\/\/\/wp-content\/uploads\/2024\/08\/icone-rats-souris.png\"><\/div>\n","protected":false},"featured_media":115609,"comment_status":"open","ping_status":"closed","template":"","meta":{"_acf_changed":false,"_et_pb_use_builder":"","_et_pb_old_content":"","_et_gb_content_width":"","footnotes":""},"product_brand":[],"product_cat":[132,117,164,142],"product_tag":[],"class_list":{"0":"post-115599","1":"product","2":"type-product","3":"status-publish","4":"has-post-thumbnail","6":"product_cat-anti-intrusion","7":"product_cat-bernatom","8":"product_cat-je-traite-preventif","9":"product_cat-rats-souris","11":"first","12":"instock","13":"taxable","14":"shipping-taxable","15":"purchasable","16":"product-type-simple"},"acf":[],"yoast_head":"<!-- This site is optimized with the Yoast SEO plugin v26.5 - https:\/\/yoast.com\/wordpress\/plugins\/seo\/ -->\n<title>BERNAFOAM \u00ae - La Boutique LIPHATECH<\/title>\n<meta name=\"robots\" content=\"index, follow, max-snippet:-1, max-image-preview:large, max-video-preview:-1\" \/>\n<link rel=\"canonical\" href=\"https:\/\/www.liphatech.fr\/boutique\/produit\/bernafoam\/\" \/>\n<meta property=\"og:locale\" content=\"fr_FR\" \/>\n<meta property=\"og:type\" content=\"article\" \/>\n<meta property=\"og:title\" content=\"BERNAFOAM \u00ae - La Boutique LIPHATECH\" \/>\n<meta property=\"og:description\" content=\"Mousse expansive bi\u2011composant pr\u00eate \u00e0 l\u2019emploi, conditionn\u00e9e en a\u00e9rosol.Con\u00e7ue pour le remplissage rapide des cavit\u00e9s, trous et passages dans la ma\u00e7onnerie, les murs, planchers et cloisons.S\u2019applique facilement, sans outil sp\u00e9cifique et sans coulure, quelle que soit la configuration.CE QUI FAIT LA DIFF\u00c9RENCE :Expansion et durcissement rapides (pr\u00eate \u00e0 \u00eatre recouverte de MASTISOL\u00ae en quelques minutes)Excellente adh\u00e9rence multi\u2011supportsNe s\u2019\u00e9coule pas et n\u2019alt\u00e8re pas les c\u00e2bles \u00e9lectriques\" \/>\n<meta property=\"og:url\" content=\"https:\/\/www.liphatech.fr\/boutique\/produit\/bernafoam\/\" \/>\n<meta property=\"og:site_name\" content=\"La Boutique LIPHATECH\" \/>\n<meta property=\"article:modified_time\" content=\"2026-05-04T09:20:45+00:00\" \/>\n<meta property=\"og:image\" content=\"https:\/\/www.liphatech.fr\/boutique\/wp-content\/uploads\/2026\/04\/Aerosol_BERNAFOAM_fiche.png\" \/>\n\t<meta property=\"og:image:width\" content=\"1536\" \/>\n\t<meta property=\"og:image:height\" content=\"1024\" \/>\n\t<meta property=\"og:image:type\" content=\"image\/png\" \/>\n<meta name=\"twitter:card\" content=\"summary_large_image\" \/>\n<meta name=\"twitter:label1\" content=\"Dur\u00e9e de lecture estim\u00e9e\" \/>\n\t<meta name=\"twitter:data1\" content=\"1 minute\" \/>\n<script type=\"application\/ld+json\" class=\"yoast-schema-graph\">{\"@context\":\"https:\/\/schema.org\",\"@graph\":[{\"@type\":\"WebPage\",\"@id\":\"https:\/\/www.liphatech.fr\/boutique\/produit\/bernafoam\/\",\"url\":\"https:\/\/www.liphatech.fr\/boutique\/produit\/bernafoam\/\",\"name\":\"BERNAFOAM \u00ae - La Boutique LIPHATECH\",\"isPartOf\":{\"@id\":\"https:\/\/www.liphatech.fr\/boutique\/#website\"},\"primaryImageOfPage\":{\"@id\":\"https:\/\/www.liphatech.fr\/boutique\/produit\/bernafoam\/#primaryimage\"},\"image\":{\"@id\":\"https:\/\/www.liphatech.fr\/boutique\/produit\/bernafoam\/#primaryimage\"},\"thumbnailUrl\":\"https:\/\/www.liphatech.fr\/boutique\/wp-content\/uploads\/2026\/04\/Aerosol_BERNAFOAM_fiche.png\",\"datePublished\":\"2026-04-17T14:51:31+00:00\",\"dateModified\":\"2026-05-04T09:20:45+00:00\",\"breadcrumb\":{\"@id\":\"https:\/\/www.liphatech.fr\/boutique\/produit\/bernafoam\/#breadcrumb\"},\"inLanguage\":\"fr-FR\",\"potentialAction\":[{\"@type\":\"ReadAction\",\"target\":[\"https:\/\/www.liphatech.fr\/boutique\/produit\/bernafoam\/\"]}]},{\"@type\":\"ImageObject\",\"inLanguage\":\"fr-FR\",\"@id\":\"https:\/\/www.liphatech.fr\/boutique\/produit\/bernafoam\/#primaryimage\",\"url\":\"https:\/\/www.liphatech.fr\/boutique\/wp-content\/uploads\/2026\/04\/Aerosol_BERNAFOAM_fiche.png\",\"contentUrl\":\"https:\/\/www.liphatech.fr\/boutique\/wp-content\/uploads\/2026\/04\/Aerosol_BERNAFOAM_fiche.png\",\"width\":1536,\"height\":1024},{\"@type\":\"BreadcrumbList\",\"@id\":\"https:\/\/www.liphatech.fr\/boutique\/produit\/bernafoam\/#breadcrumb\",\"itemListElement\":[{\"@type\":\"ListItem\",\"position\":1,\"name\":\"Accueil\",\"item\":\"https:\/\/www.liphatech.fr\/boutique\/\"},{\"@type\":\"ListItem\",\"position\":2,\"name\":\"Boutique\",\"item\":\"https:\/\/www.liphatech.fr\/boutique\/boutique\/\"},{\"@type\":\"ListItem\",\"position\":3,\"name\":\"BERNAFOAM \u00ae\"}]},{\"@type\":\"WebSite\",\"@id\":\"https:\/\/www.liphatech.fr\/boutique\/#website\",\"url\":\"https:\/\/www.liphatech.fr\/boutique\/\",\"name\":\"La Boutique LIPHATECH\",\"description\":\"\",\"potentialAction\":[{\"@type\":\"SearchAction\",\"target\":{\"@type\":\"EntryPoint\",\"urlTemplate\":\"https:\/\/www.liphatech.fr\/boutique\/?s={search_term_string}\"},\"query-input\":{\"@type\":\"PropertyValueSpecification\",\"valueRequired\":true,\"valueName\":\"search_term_string\"}}],\"inLanguage\":\"fr-FR\"}]}<\/script>\n<!-- \/ Yoast SEO plugin. -->","yoast_head_json":{"title":"BERNAFOAM \u00ae - La Boutique LIPHATECH","robots":{"index":"index","follow":"follow","max-snippet":"max-snippet:-1","max-image-preview":"max-image-preview:large","max-video-preview":"max-video-preview:-1"},"canonical":"https:\/\/www.liphatech.fr\/boutique\/produit\/bernafoam\/","og_locale":"fr_FR","og_type":"article","og_title":"BERNAFOAM \u00ae - La Boutique LIPHATECH","og_description":"Mousse expansive bi\u2011composant pr\u00eate \u00e0 l\u2019emploi, conditionn\u00e9e en a\u00e9rosol.Con\u00e7ue pour le remplissage rapide des cavit\u00e9s, trous et passages dans la ma\u00e7onnerie, les murs, planchers et cloisons.S\u2019applique facilement, sans outil sp\u00e9cifique et sans coulure, quelle que soit la configuration.CE QUI FAIT LA DIFF\u00c9RENCE :Expansion et durcissement rapides (pr\u00eate \u00e0 \u00eatre recouverte de MASTISOL\u00ae en quelques minutes)Excellente adh\u00e9rence multi\u2011supportsNe s\u2019\u00e9coule pas et n\u2019alt\u00e8re pas les c\u00e2bles \u00e9lectriques","og_url":"https:\/\/www.liphatech.fr\/boutique\/produit\/bernafoam\/","og_site_name":"La Boutique LIPHATECH","article_modified_time":"2026-05-04T09:20:45+00:00","og_image":[{"width":1536,"height":1024,"url":"https:\/\/www.liphatech.fr\/boutique\/wp-content\/uploads\/2026\/04\/Aerosol_BERNAFOAM_fiche.png","type":"image\/png"}],"twitter_card":"summary_large_image","twitter_misc":{"Dur\u00e9e de lecture estim\u00e9e":"1 minute"},"schema":{"@context":"https:\/\/schema.org","@graph":[{"@type":"WebPage","@id":"https:\/\/www.liphatech.fr\/boutique\/produit\/bernafoam\/","url":"https:\/\/www.liphatech.fr\/boutique\/produit\/bernafoam\/","name":"BERNAFOAM \u00ae - La Boutique LIPHATECH","isPartOf":{"@id":"https:\/\/www.liphatech.fr\/boutique\/#website"},"primaryImageOfPage":{"@id":"https:\/\/www.liphatech.fr\/boutique\/produit\/bernafoam\/#primaryimage"},"image":{"@id":"https:\/\/www.liphatech.fr\/boutique\/produit\/bernafoam\/#primaryimage"},"thumbnailUrl":"https:\/\/www.liphatech.fr\/boutique\/wp-content\/uploads\/2026\/04\/Aerosol_BERNAFOAM_fiche.png","datePublished":"2026-04-17T14:51:31+00:00","dateModified":"2026-05-04T09:20:45+00:00","breadcrumb":{"@id":"https:\/\/www.liphatech.fr\/boutique\/produit\/bernafoam\/#breadcrumb"},"inLanguage":"fr-FR","potentialAction":[{"@type":"ReadAction","target":["https:\/\/www.liphatech.fr\/boutique\/produit\/bernafoam\/"]}]},{"@type":"ImageObject","inLanguage":"fr-FR","@id":"https:\/\/www.liphatech.fr\/boutique\/produit\/bernafoam\/#primaryimage","url":"https:\/\/www.liphatech.fr\/boutique\/wp-content\/uploads\/2026\/04\/Aerosol_BERNAFOAM_fiche.png","contentUrl":"https:\/\/www.liphatech.fr\/boutique\/wp-content\/uploads\/2026\/04\/Aerosol_BERNAFOAM_fiche.png","width":1536,"height":1024},{"@type":"BreadcrumbList","@id":"https:\/\/www.liphatech.fr\/boutique\/produit\/bernafoam\/#breadcrumb","itemListElement":[{"@type":"ListItem","position":1,"name":"Accueil","item":"https:\/\/www.liphatech.fr\/boutique\/"},{"@type":"ListItem","position":2,"name":"Boutique","item":"https:\/\/www.liphatech.fr\/boutique\/boutique\/"},{"@type":"ListItem","position":3,"name":"BERNAFOAM \u00ae"}]},{"@type":"WebSite","@id":"https:\/\/www.liphatech.fr\/boutique\/#website","url":"https:\/\/www.liphatech.fr\/boutique\/","name":"La Boutique LIPHATECH","description":"","potentialAction":[{"@type":"SearchAction","target":{"@type":"EntryPoint","urlTemplate":"https:\/\/www.liphatech.fr\/boutique\/?s={search_term_string}"},"query-input":{"@type":"PropertyValueSpecification","valueRequired":true,"valueName":"search_term_string"}}],"inLanguage":"fr-FR"}]}},"tiered_pricing_type":"fixed","tiered_pricing_fixed_rules":[],"tiered_pricing_product_settings":{"layout":"default","base_unit_name":{"singular":null,"plural":null},"default_variation":null},"tiered_pricing_minimum_quantity":null,"tiered_pricing_roles_data":[],"tiered_pricing_percentage_rules":[],"_links":{"self":[{"href":"https:\/\/www.liphatech.fr\/boutique\/wp-json\/wp\/v2\/product\/115599","targetHints":{"allow":["GET"]}}],"collection":[{"href":"https:\/\/www.liphatech.fr\/boutique\/wp-json\/wp\/v2\/product"}],"about":[{"href":"https:\/\/www.liphatech.fr\/boutique\/wp-json\/wp\/v2\/types\/product"}],"replies":[{"embeddable":true,"href":"https:\/\/www.liphatech.fr\/boutique\/wp-json\/wp\/v2\/comments?post=115599"}],"version-history":[{"count":25,"href":"https:\/\/www.liphatech.fr\/boutique\/wp-json\/wp\/v2\/product\/115599\/revisions"}],"predecessor-version":[{"id":115718,"href":"https:\/\/www.liphatech.fr\/boutique\/wp-json\/wp\/v2\/product\/115599\/revisions\/115718"}],"wp:featuredmedia":[{"embeddable":true,"href":"https:\/\/www.liphatech.fr\/boutique\/wp-json\/wp\/v2\/media\/115609"}],"wp:attachment":[{"href":"https:\/\/www.liphatech.fr\/boutique\/wp-json\/wp\/v2\/media?parent=115599"}],"wp:term":[{"taxonomy":"product_brand","embeddable":true,"href":"https:\/\/www.liphatech.fr\/boutique\/wp-json\/wp\/v2\/product_brand?post=115599"},{"taxonomy":"product_cat","embeddable":true,"href":"https:\/\/www.liphatech.fr\/boutique\/wp-json\/wp\/v2\/product_cat?post=115599"},{"taxonomy":"product_tag","embeddable":true,"href":"https:\/\/www.liphatech.fr\/boutique\/wp-json\/wp\/v2\/product_tag?post=115599"}],"curies":[{"name":"wp","href":"https:\/\/api.w.org\/{rel}","templated":true}]}}