{"id":115729,"date":"2026-05-05T10:06:26","date_gmt":"2026-05-05T08:06:26","guid":{"rendered":"https:\/\/www.liphatech.fr\/boutique\/?post_type=product&#038;p=115729"},"modified":"2026-05-12T10:10:42","modified_gmt":"2026-05-12T08:10:42","slug":"nomadpro","status":"publish","type":"product","link":"https:\/\/www.liphatech.fr\/boutique\/produit\/nomadpro\/","title":{"rendered":"NomadPRO"},"content":{"rendered":"<p>[et_pb_section fb_built=\u00a0\u00bb1&Prime; _builder_version=\u00a0\u00bb4.27.4&Prime; _module_preset=\u00a0\u00bbdefault\u00a0\u00bb global_colors_info=\u00a0\u00bb{}\u00a0\u00bb][\/et_pb_section]<\/p>\n","protected":false},"excerpt":{"rendered":"<p>NomadPRO\u00ae est une <strong>solution de thermor\u00e9gulation portative <\/strong>con\u00e7ue pour am\u00e9liorer le confort thermique en situation de chaleur, en int\u00e9rieur comme en ext\u00e9rieur.<\/p>\n<p>Ce dispositif l\u00e9ger, ergonomique et r\u00e9utilisable, diffuse une fra\u00eecheur douce et continue, sans humidit\u00e9 ni froid choc, <strong>jusqu\u2019\u00e0 8\u202fheures de restitution<\/strong>.<br \/>\nId\u00e9al pour les <strong>professionnels et pour des usages intensifs<\/strong>, il contribue \u00e0 r\u00e9duire la fatigue, \u00e0 favoriser la concentration et \u00e0 maintenir le bien\u2011\u00eatre au quotidien.<\/p>\n<p><img loading=\"lazy\" decoding=\"async\" class=\"alignnone wp-image-115786\" src=\"https:\/\/www.liphatech.fr\/boutique\/wp-content\/uploads\/2026\/05\/logoCW-stylised-1_transparent_PNG-300x278.png\" alt=\"\" width=\"70\" height=\"65\" srcset=\"https:\/\/www.liphatech.fr\/boutique\/wp-content\/uploads\/2026\/05\/logoCW-stylised-1_transparent_PNG-300x278.png 300w, https:\/\/www.liphatech.fr\/boutique\/wp-content\/uploads\/2026\/05\/logoCW-stylised-1_transparent_PNG.png 460w\" sizes=\"(max-width: 70px) 100vw, 70px\" \/>\u00a0 \u00a0 \u00a0 <img loading=\"lazy\" decoding=\"async\" class=\"alignnone wp-image-115785\" src=\"https:\/\/www.liphatech.fr\/boutique\/wp-content\/uploads\/2026\/05\/Chillworld-Logo-PoweredbyLiphatech1-300x196.png\" alt=\"\" width=\"91\" height=\"59\" \/><\/p>\n\n","protected":false},"featured_media":115762,"comment_status":"open","ping_status":"closed","template":"","meta":{"_acf_changed":false,"_et_pb_use_builder":"on","_et_pb_old_content":"<u>Le NomadPRO - Solution de thermor\u00e9gulation portable\r\n<\/u>\r\n<ul>\r\n \t<li>Dimensions : L 20 x l 35 x P 5 cm<\/li>\r\n \t<li>Poids : 700 g<\/li>\r\n \t<li>2 NomadPRO \/ carton<\/li>\r\n \t<li>Autonomie : De 4h \u00e0 8h<\/li>\r\n \t<li>R\u00e9utilisable : &gt; \u00e0 100 utilisations garanties<\/li>\r\n<\/ul>","_et_gb_content_width":"","footnotes":""},"product_brand":[],"product_cat":[131,191],"product_tag":[],"class_list":{"0":"post-115729","1":"product","2":"type-product","3":"status-publish","4":"has-post-thumbnail","6":"product_cat-accessoires","7":"product_cat-chillworld","9":"first","10":"instock","11":"taxable","12":"shipping-taxable","13":"purchasable","14":"product-type-simple"},"acf":[],"yoast_head":"<!-- This site is optimized with the Yoast SEO plugin v27.5 - https:\/\/yoast.com\/product\/yoast-seo-wordpress\/ -->\n<title>NomadPRO - La Boutique LIPHATECH<\/title>\n<meta name=\"robots\" content=\"index, follow, max-snippet:-1, max-image-preview:large, max-video-preview:-1\" \/>\n<link rel=\"canonical\" href=\"https:\/\/www.liphatech.fr\/boutique\/produit\/nomadpro\/\" \/>\n<meta property=\"og:locale\" content=\"fr_FR\" \/>\n<meta property=\"og:type\" content=\"article\" \/>\n<meta property=\"og:title\" content=\"NomadPRO - La Boutique LIPHATECH\" \/>\n<meta property=\"og:description\" content=\"NomadPRO\u00ae est une solution de thermor\u00e9gulation portative con\u00e7ue pour am\u00e9liorer le confort thermique en situation de chaleur, en int\u00e9rieur comme en ext\u00e9rieur.  Ce dispositif l\u00e9ger, ergonomique et r\u00e9utilisable, diffuse une fra\u00eecheur douce et continue, sans humidit\u00e9 ni froid choc, jusqu\u2019\u00e0 8\u202fheures de restitution. Id\u00e9al pour les professionnels et pour des usages intensifs, il contribue \u00e0 r\u00e9duire la fatigue, \u00e0 favoriser la concentration et \u00e0 maintenir le bien\u2011\u00eatre au quotidien.  \u00a0 \u00a0 \u00a0\" \/>\n<meta property=\"og:url\" content=\"https:\/\/www.liphatech.fr\/boutique\/produit\/nomadpro\/\" \/>\n<meta property=\"og:site_name\" content=\"La Boutique LIPHATECH\" \/>\n<meta property=\"article:modified_time\" content=\"2026-05-12T08:10:42+00:00\" \/>\n<meta property=\"og:image\" content=\"https:\/\/www.liphatech.fr\/boutique\/wp-content\/uploads\/2026\/05\/NOMADPRO-worn-1.png\" \/>\n\t<meta property=\"og:image:width\" content=\"1199\" \/>\n\t<meta property=\"og:image:height\" content=\"1312\" \/>\n\t<meta property=\"og:image:type\" content=\"image\/png\" \/>\n<meta name=\"twitter:card\" content=\"summary_large_image\" \/>\n<meta name=\"twitter:label1\" content=\"Dur\u00e9e de lecture estim\u00e9e\" \/>\n\t<meta name=\"twitter:data1\" content=\"1 minute\" \/>\n<script type=\"application\/ld+json\" class=\"yoast-schema-graph\">{\"@context\":\"https:\\\/\\\/schema.org\",\"@graph\":[{\"@type\":\"WebPage\",\"@id\":\"https:\\\/\\\/www.liphatech.fr\\\/boutique\\\/produit\\\/nomadpro\\\/\",\"url\":\"https:\\\/\\\/www.liphatech.fr\\\/boutique\\\/produit\\\/nomadpro\\\/\",\"name\":\"NomadPRO - La Boutique LIPHATECH\",\"isPartOf\":{\"@id\":\"https:\\\/\\\/www.liphatech.fr\\\/boutique\\\/#website\"},\"primaryImageOfPage\":{\"@id\":\"https:\\\/\\\/www.liphatech.fr\\\/boutique\\\/produit\\\/nomadpro\\\/#primaryimage\"},\"image\":{\"@id\":\"https:\\\/\\\/www.liphatech.fr\\\/boutique\\\/produit\\\/nomadpro\\\/#primaryimage\"},\"thumbnailUrl\":\"https:\\\/\\\/www.liphatech.fr\\\/boutique\\\/wp-content\\\/uploads\\\/2026\\\/05\\\/NOMADPRO-worn-1.png\",\"datePublished\":\"2026-05-05T08:06:26+00:00\",\"dateModified\":\"2026-05-12T08:10:42+00:00\",\"breadcrumb\":{\"@id\":\"https:\\\/\\\/www.liphatech.fr\\\/boutique\\\/produit\\\/nomadpro\\\/#breadcrumb\"},\"inLanguage\":\"fr-FR\",\"potentialAction\":[{\"@type\":\"ReadAction\",\"target\":[\"https:\\\/\\\/www.liphatech.fr\\\/boutique\\\/produit\\\/nomadpro\\\/\"]}]},{\"@type\":\"ImageObject\",\"inLanguage\":\"fr-FR\",\"@id\":\"https:\\\/\\\/www.liphatech.fr\\\/boutique\\\/produit\\\/nomadpro\\\/#primaryimage\",\"url\":\"https:\\\/\\\/www.liphatech.fr\\\/boutique\\\/wp-content\\\/uploads\\\/2026\\\/05\\\/NOMADPRO-worn-1.png\",\"contentUrl\":\"https:\\\/\\\/www.liphatech.fr\\\/boutique\\\/wp-content\\\/uploads\\\/2026\\\/05\\\/NOMADPRO-worn-1.png\",\"width\":1199,\"height\":1312},{\"@type\":\"BreadcrumbList\",\"@id\":\"https:\\\/\\\/www.liphatech.fr\\\/boutique\\\/produit\\\/nomadpro\\\/#breadcrumb\",\"itemListElement\":[{\"@type\":\"ListItem\",\"position\":1,\"name\":\"Accueil\",\"item\":\"https:\\\/\\\/www.liphatech.fr\\\/boutique\\\/\"},{\"@type\":\"ListItem\",\"position\":2,\"name\":\"Boutique\",\"item\":\"https:\\\/\\\/www.liphatech.fr\\\/boutique\\\/boutique\\\/\"},{\"@type\":\"ListItem\",\"position\":3,\"name\":\"NomadPRO\"}]},{\"@type\":\"WebSite\",\"@id\":\"https:\\\/\\\/www.liphatech.fr\\\/boutique\\\/#website\",\"url\":\"https:\\\/\\\/www.liphatech.fr\\\/boutique\\\/\",\"name\":\"La Boutique LIPHATECH\",\"description\":\"\",\"potentialAction\":[{\"@type\":\"SearchAction\",\"target\":{\"@type\":\"EntryPoint\",\"urlTemplate\":\"https:\\\/\\\/www.liphatech.fr\\\/boutique\\\/?s={search_term_string}\"},\"query-input\":{\"@type\":\"PropertyValueSpecification\",\"valueRequired\":true,\"valueName\":\"search_term_string\"}}],\"inLanguage\":\"fr-FR\"}]}<\/script>\n<!-- \/ Yoast SEO plugin. -->","yoast_head_json":{"title":"NomadPRO - La Boutique LIPHATECH","robots":{"index":"index","follow":"follow","max-snippet":"max-snippet:-1","max-image-preview":"max-image-preview:large","max-video-preview":"max-video-preview:-1"},"canonical":"https:\/\/www.liphatech.fr\/boutique\/produit\/nomadpro\/","og_locale":"fr_FR","og_type":"article","og_title":"NomadPRO - La Boutique LIPHATECH","og_description":"NomadPRO\u00ae est une solution de thermor\u00e9gulation portative con\u00e7ue pour am\u00e9liorer le confort thermique en situation de chaleur, en int\u00e9rieur comme en ext\u00e9rieur.  Ce dispositif l\u00e9ger, ergonomique et r\u00e9utilisable, diffuse une fra\u00eecheur douce et continue, sans humidit\u00e9 ni froid choc, jusqu\u2019\u00e0 8\u202fheures de restitution. Id\u00e9al pour les professionnels et pour des usages intensifs, il contribue \u00e0 r\u00e9duire la fatigue, \u00e0 favoriser la concentration et \u00e0 maintenir le bien\u2011\u00eatre au quotidien.  \u00a0 \u00a0 \u00a0","og_url":"https:\/\/www.liphatech.fr\/boutique\/produit\/nomadpro\/","og_site_name":"La Boutique LIPHATECH","article_modified_time":"2026-05-12T08:10:42+00:00","og_image":[{"width":1199,"height":1312,"url":"https:\/\/www.liphatech.fr\/boutique\/wp-content\/uploads\/2026\/05\/NOMADPRO-worn-1.png","type":"image\/png"}],"twitter_card":"summary_large_image","twitter_misc":{"Dur\u00e9e de lecture estim\u00e9e":"1 minute"},"schema":{"@context":"https:\/\/schema.org","@graph":[{"@type":"WebPage","@id":"https:\/\/www.liphatech.fr\/boutique\/produit\/nomadpro\/","url":"https:\/\/www.liphatech.fr\/boutique\/produit\/nomadpro\/","name":"NomadPRO - La Boutique LIPHATECH","isPartOf":{"@id":"https:\/\/www.liphatech.fr\/boutique\/#website"},"primaryImageOfPage":{"@id":"https:\/\/www.liphatech.fr\/boutique\/produit\/nomadpro\/#primaryimage"},"image":{"@id":"https:\/\/www.liphatech.fr\/boutique\/produit\/nomadpro\/#primaryimage"},"thumbnailUrl":"https:\/\/www.liphatech.fr\/boutique\/wp-content\/uploads\/2026\/05\/NOMADPRO-worn-1.png","datePublished":"2026-05-05T08:06:26+00:00","dateModified":"2026-05-12T08:10:42+00:00","breadcrumb":{"@id":"https:\/\/www.liphatech.fr\/boutique\/produit\/nomadpro\/#breadcrumb"},"inLanguage":"fr-FR","potentialAction":[{"@type":"ReadAction","target":["https:\/\/www.liphatech.fr\/boutique\/produit\/nomadpro\/"]}]},{"@type":"ImageObject","inLanguage":"fr-FR","@id":"https:\/\/www.liphatech.fr\/boutique\/produit\/nomadpro\/#primaryimage","url":"https:\/\/www.liphatech.fr\/boutique\/wp-content\/uploads\/2026\/05\/NOMADPRO-worn-1.png","contentUrl":"https:\/\/www.liphatech.fr\/boutique\/wp-content\/uploads\/2026\/05\/NOMADPRO-worn-1.png","width":1199,"height":1312},{"@type":"BreadcrumbList","@id":"https:\/\/www.liphatech.fr\/boutique\/produit\/nomadpro\/#breadcrumb","itemListElement":[{"@type":"ListItem","position":1,"name":"Accueil","item":"https:\/\/www.liphatech.fr\/boutique\/"},{"@type":"ListItem","position":2,"name":"Boutique","item":"https:\/\/www.liphatech.fr\/boutique\/boutique\/"},{"@type":"ListItem","position":3,"name":"NomadPRO"}]},{"@type":"WebSite","@id":"https:\/\/www.liphatech.fr\/boutique\/#website","url":"https:\/\/www.liphatech.fr\/boutique\/","name":"La Boutique LIPHATECH","description":"","potentialAction":[{"@type":"SearchAction","target":{"@type":"EntryPoint","urlTemplate":"https:\/\/www.liphatech.fr\/boutique\/?s={search_term_string}"},"query-input":{"@type":"PropertyValueSpecification","valueRequired":true,"valueName":"search_term_string"}}],"inLanguage":"fr-FR"}]}},"tiered_pricing_type":"fixed","tiered_pricing_fixed_rules":{"6":112.34,"11":109.1},"tiered_pricing_product_settings":{"layout":"default","base_unit_name":{"singular":null,"plural":null},"default_variation":null},"tiered_pricing_minimum_quantity":null,"tiered_pricing_roles_data":[],"tiered_pricing_percentage_rules":[],"_links":{"self":[{"href":"https:\/\/www.liphatech.fr\/boutique\/wp-json\/wp\/v2\/product\/115729","targetHints":{"allow":["GET"]}}],"collection":[{"href":"https:\/\/www.liphatech.fr\/boutique\/wp-json\/wp\/v2\/product"}],"about":[{"href":"https:\/\/www.liphatech.fr\/boutique\/wp-json\/wp\/v2\/types\/product"}],"replies":[{"embeddable":true,"href":"https:\/\/www.liphatech.fr\/boutique\/wp-json\/wp\/v2\/comments?post=115729"}],"version-history":[{"count":27,"href":"https:\/\/www.liphatech.fr\/boutique\/wp-json\/wp\/v2\/product\/115729\/revisions"}],"predecessor-version":[{"id":115801,"href":"https:\/\/www.liphatech.fr\/boutique\/wp-json\/wp\/v2\/product\/115729\/revisions\/115801"}],"wp:featuredmedia":[{"embeddable":true,"href":"https:\/\/www.liphatech.fr\/boutique\/wp-json\/wp\/v2\/media\/115762"}],"wp:attachment":[{"href":"https:\/\/www.liphatech.fr\/boutique\/wp-json\/wp\/v2\/media?parent=115729"}],"wp:term":[{"taxonomy":"product_brand","embeddable":true,"href":"https:\/\/www.liphatech.fr\/boutique\/wp-json\/wp\/v2\/product_brand?post=115729"},{"taxonomy":"product_cat","embeddable":true,"href":"https:\/\/www.liphatech.fr\/boutique\/wp-json\/wp\/v2\/product_cat?post=115729"},{"taxonomy":"product_tag","embeddable":true,"href":"https:\/\/www.liphatech.fr\/boutique\/wp-json\/wp\/v2\/product_tag?post=115729"}],"curies":[{"name":"wp","href":"https:\/\/api.w.org\/{rel}","templated":true}]}}